{"id":365,"date":"2018-02-11T13:55:09","date_gmt":"2018-02-11T13:55:09","guid":{"rendered":"http:\/\/anwi.gmbh\/?page_id=365"},"modified":"2018-06-03T15:38:41","modified_gmt":"2018-06-03T15:38:41","slug":"ceb","status":"publish","type":"page","link":"https:\/\/anwi.gmbh\/?page_id=365&lang=de","title":{"rendered":"CEB"},"content":{"rendered":"<p>Ich&nbsp;befasse mich seit dem Jahre 2006 intensiv mit Meditation. Dabei habe ich sowohl&nbsp; theoretische Aspekte studiert, als auch die praktische Anwendung ge\u00fcbt. In dieser Zeit konnte ich feststellen, das mein dadurch erworbenes Wissen \u00fcber den menschlichen Geist und die praktischen Erfahrungen, mein Leben in vielen Aspekten transformiert und bereichert hat. Zu den Resultaten z\u00e4hlen eine gr\u00f6\u00dfere emotionale Ausgeglichenheit, einen ruhigeren und klareren Geist und ein mitf\u00fchlenderer und verst\u00e4ndnisvollerer Umgang mit meinen Mitmenschen. Nach etwa 10 Jahren intensiven Studiums und Trainings ist in mir der Wunsch gereift, ein Teil dieses Wissens mit anderen Menschen zu teilen. Im Jahre 2017 habe ich deshalb eine <a href=\"https:\/\/anwi.gmbh\/ceb\/AndreasWittmann_certificate.pdf\" target=\"_blank\">Ausbildung zum Trainer <\/a>f\u00fcr das Kursprogramm <strong>&#8222;Cultivating Emotional Balance&#8220;<\/strong> gemacht. Mein Ziel ist es, das Wissen dieses Programms in meinem privaten und beruflichen Leben zu verbreiten. Ich w\u00fcnsche mir das die Menschen, die mit diesem Programm in Kontakt kommen und&nbsp;seine praktischen Methoden in ihr Leben integrieren, ruhiger, klarer und gl\u00fccklicher werden. Ich glaube fest daran, das dieses Programm im beruflichen Kontext das Potential hat, die Mitarbeiter in Unternehmen gelassener, liebevoller, klarer und fokussierter werden zu lassen, und dadurch einen harmonischen Ablauf ihrer Interaktionen zu f\u00f6rdern.<\/p>\n<p><a href=\"https:\/\/anwi.gmbh\/?page_id=371&amp;lang=de\">Was ist CEB?<\/a><\/p>\n<p><a href=\"https:\/\/anwi.gmbh\/?page_id=368&amp;lang=de\">CEB im IT-Umfeld<\/a><\/p>\n<p><a href=\"https:\/\/anwi.gmbh\/?page_id=373&amp;lang=de\">CEB Einf\u00fchrungskurs<\/a><\/p>\n","protected":false},"excerpt":{"rendered":"<p>Ich&nbsp;befasse mich seit dem Jahre 2006 intensiv mit Meditation. Dabei habe ich sowohl&nbsp; theoretische Aspekte studiert, als auch die praktische Anwendung ge\u00fcbt. In dieser Zeit konnte ich feststellen, das mein dadurch erworbenes Wissen \u00fcber den menschlichen Geist und die praktischen Erfahrungen, mein Leben in vielen Aspekten transformiert und bereichert hat. Zu den Resultaten z\u00e4hlen eine &hellip; <a href=\"https:\/\/anwi.gmbh\/?page_id=365&#038;lang=de\" class=\"more-link\"><span class=\"screen-reader-text\">\u201eCEB\u201c<\/span> weiterlesen<\/a><\/p>\n","protected":false},"author":1,"featured_media":0,"parent":0,"menu_order":0,"comment_status":"closed","ping_status":"closed","template":"","meta":{"ngg_post_thumbnail":0,"footnotes":""},"class_list":["post-365","page","type-page","status-publish","hentry"],"_links":{"self":[{"href":"https:\/\/anwi.gmbh\/index.php?rest_route=\/wp\/v2\/pages\/365","targetHints":{"allow":["GET"]}}],"collection":[{"href":"https:\/\/anwi.gmbh\/index.php?rest_route=\/wp\/v2\/pages"}],"about":[{"href":"https:\/\/anwi.gmbh\/index.php?rest_route=\/wp\/v2\/types\/page"}],"author":[{"embeddable":true,"href":"https:\/\/anwi.gmbh\/index.php?rest_route=\/wp\/v2\/users\/1"}],"replies":[{"embeddable":true,"href":"https:\/\/anwi.gmbh\/index.php?rest_route=%2Fwp%2Fv2%2Fcomments&post=365"}],"version-history":[{"count":9,"href":"https:\/\/anwi.gmbh\/index.php?rest_route=\/wp\/v2\/pages\/365\/revisions"}],"predecessor-version":[{"id":544,"href":"https:\/\/anwi.gmbh\/index.php?rest_route=\/wp\/v2\/pages\/365\/revisions\/544"}],"wp:attachment":[{"href":"https:\/\/anwi.gmbh\/index.php?rest_route=%2Fwp%2Fv2%2Fmedia&parent=365"}],"curies":[{"name":"wp","href":"https:\/\/api.w.org\/{rel}","templated":true}]}}